**2 + 141*m - 3614. What is j(22)?
-28
Let s(p) = -69*p + 155. Calculate s(2).
17
Let r(s) = -79*s - 556. What is r(-11)?
313
Let b(j) = j**3 - 29*j**2 + 74*j + 667. What is b(25)?
17
Let s(c) = -11*c + 360. What is s(30)?
30
Let d(q) = 4*q - 128. Calculate d(37).
20
Let u(g) = -g**3 - 29*g**2 - 206*g - 20. Give u(-17).
14
Let v(a) = 890*a + 8901. Give v(-10).
1
Let z(x) = -8*x**2 + 1360*x + 2758. What is z(172)?
6
Let r(x) = -x**3 + 16*x**2 + 61*x - 27. Calculate r(19).
49
Let i(g) = g**3 - 25*g**2 + 2*g - 98. What is i(25)?
-48
Let s(t) = -t + 240. Give s(45).
195
Let z(n) = -11*n - 84. Give z(0).
-84
Let v(r) = -r**2 - 163*r - 1698. What is v(-11)?
-26
Let z(g) = 231*g + 3459. What is z(-15)?
-6
Let v(x) = -305*x - 10394. Calculate v(-34).
-24
Let s(m) = m**2 + 116*m + 2526. Calculate s(-87).
3
Let d(s) = -s**3 + 12*s**2 + 82*s - 535. Calculate d(15).
20
Let o(v) = -v**2 - 5*v - 17. Calculate o(0).
-17
Let p(r) = r**2 + 71*r + 1162. Determine p(-51).
142
Let q(w) = -w**3 + 14*w**2 + 58*w - 144. Determine q(17).
-25
Let w(f) = -f**3 + 21*f**2 - 37*f - 32. Determine w(19).
-13
Let a(w) = -w**3 + 28*w**2 - 14*w - 79. What is a(27)?
272
Let z(u) = -6*u**2 - 183*u + 85. Calculate z(-29).
346
Let x(w) = w**2 + 22*w - 338. What is x(-34)?
70
Let d(x) = -x**2 + 305*x - 20399. Give d(99).
-5
Let v(q) = -2*q**3 - 41*q**2 + 21*q - 78. Give v(-21).
-78
Let l(n) = -85*n + 5880. What is l(69)?
15
Let p(m) = m**3 + 29*m**2 + 34*m - 30. Calculate p(-28).
-198
Let o(f) = 20*f**2 + 53*f - 88. Give o(2).
98
Let s(a) = 2*a**3 + 15*a**2 - 23*a + 22. Determine s(-9).
-14
Let x(a) = a**3 - 10*a**2 + 15*a + 16. Calculate x(7).
-26
Let v(m) = -11*m + 17. Determine v(-20).
237
Let v(m) = -m**3 + 45*m**2 + 155*m - 545. Determine v(48).
-17
Let f(x) = -2*x**2 - 43*x - 170. Determine f(-4).
-30
Let d(t) = t**3 - 17*t**2 - 10*t + 60. Calculate d(17).
-110
Let v(z) = 3*z**2 - 330*z - 1375. Determine v(114).
-7
Let x(t) = 31*t - 171. Determine x(5).
-16
Let d(u) = u**2 - 60*u + 237. Calculate d(63).
426
Let p(h) = -3*h**3 - 69*h**2 - 21*h - 66. Give p(-23).
417
Let p(n) = -n**3 + 21*n**2 - 60*n + 61. What is p(18)?
-47
Let r(q) = -5*q**2 - 6*q - 197. What is r(0)?
-197
Let v(t) = t**2 + 276*t + 3655. Calculate v(-14).
-13
Let y(k) = 7*k**3 + 1093*k**2 + 157*k + 195. What is y(-156)?
39
Let c(m) = 432*m - 437. Calculate c(1).
-5
Let n(u) = u**3 + 44*u**2 + 20*u + 881. Calculate n(-44).
1
Let b(q) = 158*q + 2679. Determine b(-17).
-7
Let k(u) = -63*u - 720. Give k(-11).
-27
Let c(k) = -9*k**2 + 127*k - 111. What is c(13)?
19
Let n(z) = -8*z**2 + 341*z + 482. Give n(44).
-2
Let x(t) = -t**3 + 26*t**2 + 26*t + 68. Give x(27).
41
Let g(z) = -12*z - 460. What is g(-36)?
-28
Let o(g) = g**2 + 42*g - 463. Determine o(13).
252
Let t(m) = -m**2 + 62*m + 1035. Calculate t(76).
-29
Let p(w) = 10*w**2 + 71*w + 117. Determine p(-2).
15
Let o(m) = m**2 + 151*m - 622. Determine o(4).
-2
Let m(t) = 4*t**3 + 107*t**2 - 30*t - 95. Calculate m(-27).
-14
Let x(l) = l**3 - 39*l**2 - 36*l - 403. Calculate x(40).
-243
Let x(l) = -3*l**2 + 35*l - 45. Calculate x(7).
53
Let n(z) = -3*z**3 - 27*z**2 + 50*z + 591. Calculate n(-8).
-1
Let v(f) = -13*f - 317. Give v(-37).
164
Let h(y) = -507*y + 44. Calculate h(0).
44
Let u(b) = -268*b**2 - 20369*b - 79. Calculate u(-76).
-3
Let c(a) = -20*a**2 - 42. Calculate c(-6).
-762
Let o(q) = 5*q**3 + 11*q**2 + q - 37. Calculate o(4).
463
Let o(k) = -1459*k + 27724. Give o(19).
3
Let f(l) = -149*l + 30840. Determine f(207).
-3
Let f(i) = i**3 - 71*i**2 + 130*i + 540. What is f(69)?
-12
Let l(w) = 51*w - 1570. Determine l(26).
-244
Let p(h) = h**2 + 75*h + 855. Give p(-14).
1
Let c(j) = -j**2 - 21*j - 97. Give c(-12).
11
Let n(b) = 5*b**3 - 492*b**2 - 306*b + 896. Determine n(99).
5
Let z(h) = h**2 + 87*h + 953. What is z(-13)?
-9
Let v(l) = -3*l**2 + 69*l - 625. Determine v(9).
-247
Let r(x) = 9*x**2 - 17*x - 14. Determine r(-1).
12
Let u(z) = 18*z**2 - 100*z + 5. What is u(6)?
53
Let n(z) = z**3 + 60*z**2 - 66*z - 318. Calculate n(-61).
-13
Let b(g) = 982*g - 25495. Calculate b(26).
37
Let s(n) = -8*n**2 - 991*n + 136. Give s(-124).
12
Let t(x) = -x**3 + 26*x**2 - 48*x - 32. Calculate t(24).
-32
Let v(y) = -14*y**2 + 5305*y + 384. Determine v(379).
5
Let z(h) = 13*h + 313. Calculate z(-20).
53
Let n(z) = -2*z**2 - 51*z - 57. Give n(-17).
232
Let q(j) = -j**3 - 37*j**2 + 64*j - 559. Determine q(-39).
-13
Let o(y) = y**3 - 3*y**2 - 10*y + 16. Calculate o(-5).
-134
Let u(b) = 188*b + 79. Calculate u(-1).
-109
Let o(v) = -4*v**2 + 35*v - 152. Determine o(15).
-527
Let u(a) = 3*a**3 + 8*a**2 + 42*a + 268. What is u(-6)?
-344
Let z(i) = -i**3 - 46*i**2 + 14*i - 3918. Give z(-48).
18
Let k(s) = 251*s + 1804. Determine k(-8).
-204
Let z(k) = 2*k**2 + 21*k + 136. Give z(0).
136
Let o(k) = -7*k**3 - 3*k**2 + 23*k + 40. Give o(-2).
38
Let j(x) = -2*x**3 - 29*x**2 + 47*x - 28. What is j(-16)?
-12
Let j(h) = -h**3 - 29*h**2 - 56*h - 595. Calculate j(-28).
189
Let x(h) = 2*h**2 - 50*h - 533. What is x(33)?
-5
Let n(t) = 5*t**2 - 205*t + 11. Determine n(41).
11
Let j(h) = 9*h**2 - 41*h - 22. Give j(5).
-2
Let c(x) = -179*x - 4249. Calculate c(-25).
226
Let v(b) = 81*b - 160. What is v(3)?
83
Let u(f) = -46*f + 286. What is u(11)?
-220
Let u(k) = k**3 + 9*k**2 + 16*k + 50. Give u(-9).
-94
Let x(s) = -s**3 - 60*s**2 - 170*s + 4. What is x(-3)?
1
Let q(j) = -3*j**2 - 1420*j - 5634. Calculate q(-4).
-2
Let n(x) = 86*x - 23. What is n(1)?
63
Let p(r) = -r**2 + 26*r + 47. Give p(25).
72
Let t(f) = -449*f - 897. What is t(-2)?
1
Let c(b) = -4016*b + 8056. Calculate c(2).
24
Let r(g) = 5*g**3 + 140*g**2 + 18*g + 501. Give r(-28).
-3
Let n(l) = l**3 - 24*l**2 + 112*l - 1019. Determine n(21).
10
Let i(m) = -m**2 - 49*m - 134. Give i(-18).
424
Let x(i) = 1328*i - 9385. Determine x(7).
-89
Let h(n) = -n**3 - 83*n**2 - 391*n - 152. What is h(-78)?
-74
Let p(k) = 2*k**2 - 1125*k - 6830. Determine p(-6).
-8
Let o(h) = -h**3 - 8*h**2 - h - 17. Determine o(-6).
-83
Let v(y) = 2*y**2 + 89*y + 263. Give v(-35).
-402
Let v(m) = 2*m**3 - 268*m**2 + 265*m + 163. Give v(133).
30
Let r(o) = -22*o**2 - 8*o + 5. What is r(1)?
-25
Let t(b) = 2*b**2 + 53*b - 33. Determine t(-38).
841
Let w(b) = -18*b**2 - 9*b - 20. Calculate w(4).
-344
Let i(m) = 4*m**2 - 32*m + 42. Calculate i(6).
-6
Let p(b) = 2*b**3 - 20*b**2 - 7*b - 48. Calculate p(10).
-118
Let r(a) = 51*a + 733. Give r(-13).
70
Let l(r) = -267*r**2 - 8*r - 5. Determine l(-1).
-264
Let x(v) = -598*v - 1208. What is x(-2)?
-12
Let o(f) = 6819*f - 47734. Give o(7).
-1
Let q(c) = 172*c + 88. Determine q(0).
88
Let f(z) = -5*z**3 + 37*z**2 + 22*z + 20. Determine f(9).
-430
Let x(w) = 6*w**2 + w - 8. Calculate x(-5).
137
Let w(v) = 3*v**3 + 7*v**2 + 17*v + 16. Calculate w(-5).
-269
Let x(f) = -17*f**2 - 4*f + 5. Determine x(1).
-16
Let z(t) = -2*t**3 + 16*t**2 + 104*t - 814. Give z(10).
-174
Let o(s) = 48*s**3 + s**2 + 40*s + 39. Calculate o(-1).
-48
Let i(g) = -49*g**3 + g**2 - 5*g + 3. What is i(2)?
-395
Let t(i) = -26*i**3 + 521*i**2 - 23*i + 64. What is t(20)?
4
Let q(n) = 2*n**2 - n - 43. Determine q(5).
2
Let f(x) = -52*x + 86. Calculate f(2).
-18
Let v(r) = 54*r - 2658. Calculate v(50).
42
Let r(p) = p**3 + 25*p**2 - 900*p + 21. Give r(-45).
21
Let l(g) = g**2 - 26*g + 58. Calculate l(3).
-11
Let r(x) = x**3 - 5*x**2 + 10*x - 168. Calculate r(7).
0
Let u(w) = 15*w**2 - 40*w - 40. Give u(-1).
15
Let z(q) = -11*q**2 + 192*q - 684. Determine z(5).
1
Let h(l) = 44*l - 48. What is h(0)?
-48
Let u(f) = f**3 - 22*f**2 + 9*f - 35. Calculate u(21).
-287
Let o(k) = k**3 + 30*k**2 - 146*k + 50. Calculate o(4).
10
Let s(p) = 6*p**2 - 256*p + 1918. Determine s(10).
-42
Let w(k) = -5*k**3 + 286*k**2 - 334*k - 116. Calculate w(56).
-4
Let g(p) = -48*p + 5. Calculate g(-4).
197
Let w(f) = 77*f + 7258. What is w(-96)?
-134
Let i(h) = -202*h - 5257. What is i(-26)?
-5
Let r(j) = 17*j**3 + 122*j**2 + 48*j + 183. Calculate r(-7).
-6
Let i(z) = 2*z**3 + 101*z**2 + 49*z - 95. Determine i(-50).
-45
Let k(h) = -h**2 + 25*h - 198. Calculate k(15).
-48
Let k(t) = 54*t**2 - 177*t + 133. Determine k(2).
-5
Let w(v) = -v**3 + 41*v**2 + 134*v - 106. What is w(44)?
-18
Let b(o) = 296*o - 52. Calculate b(1).
244
Let b(o) = -2*o**2 - 345*o - 7379. Determine b(-25).
-4
Let 